s) prime?
False
Let n be 5 + 30/(-5) + 4. Suppose 3*c = 2*f - c - 2802, -5*f - n*c + 7057 = 0. Is f composite?
False
Let k = -860896 + 1254605. Is k composite?
False
Let t(a) = 43*a**2 - 2*a + 10. Let m be t(2). Let z = m - -115. Is z composite?
False
Let x(z) = -1732*z + 329. Is x(-2) composite?
False
Let b(g) = -12*g + 6*g**2 - 11*g**2 + 11 + 3*g**2 - 4*g**3. Is b(-5) a prime number?
True
Is 45/(14 + -23)*951166/(-10) prime?
True
Is 1/((-48)/(-15607352)) - (-9)/(-54) prime?
True
Let f(i) = -603*i + 33. Let x(g) = -g - 1. Let d(y) = -f(y) - 6*x(y). Let p be d(13). Suppose 6*c = -0*c + p. Is c a prime number?
False
Let j(a) = -a**3 - 15*a**2 + 16*a - 18. Let b be j(-17). Suppose -6*w + b + 654 = 0. Is w composite?
False
Let r(j) = -3*j**3 - 3*j**2. Let n be r(3). Suppose -26 + 29 = k, 4*l - 2*k = 610. Let g = n + l. Is g composite?
True
Suppose 0 = -3*r - r + 2*x + 32900, -2*r + 16452 = -2*x. Suppose -r = -5*k - 109. Suppose 12*q + k = 15*q. Is q a prime number?
True
Let n(d) = -12 + 14 - 55*d + 12. Let x = -1202 + 1193. Is n(x) prime?
True
Let f = -28 + 18. Let d(l) = 61*l - 12. Let k be d(f). Is (k/5)/((-16)/40) a prime number?
True
Is (-33 - -36)/(6/77906) a prime number?
True
Suppose 3*a + t + 50839 = 0, -19*a + 14*a - 2*t = 84732. Let r = a + 34191. Is r prime?
False
Suppose -267207 = -29*g - 44875 + 860441. Is g prime?
True
Let h = 79672 - -373555. Is h prime?
True
Is 223430/4*(-32782)/(-2215) composite?
True
Is (-11122002)/(-45)*(-10)/(-4) a prime number?
False
Is (15/30)/((-1)/4) + 919 prime?
False
Suppose 4*v - 240056 = 5*l + 945707, -2*v - 3*l + 592909 = 0. Is v composite?
True
Suppose 0 = 3*s, 0*s = -4*h + 3*s + 6700. Let d = h - 78. Is d a prime number?
True
Let f(z) = -64772*z**3 + 3*z**2 + 2*z. Let c be f(-1). Suppose -5*k - 2*t = -c, -4*k = 5*t - t - 51816. Is k a prime number?
False
Let z = -51 - -60. Let p(q) = -q**3 + 8*q**2 + 9*q + 2. Let m be p(z). Suppose 0 = 4*r + k - 2743 + 64, -m*k = -3*r + 2001. Is r a composite number?
True
Suppose 32*q = 7523897 - 1033881. Is q composite?
True
Let r(h) = 529*h**2 - 23*h - 35. Is r(11) composite?
True
Suppose f - 137324 = m, -207*f + 208*f = 5*m + 137328. Is f prime?
False
Suppose -3*v - 232 = -211. Is 23117*(-6)/42*v composite?
False
Let n = -83239 + 144746. Is n prime?
True
Suppose 0 = -6*j + 2*j + 4. Is (3 - (1 - (-4 + 3549)))/j prime?
True
Let w be -2 - 1788*-1 - -3. Suppose 10*s - 9*s = 5*f + 1798, w = s + 4*f. Is s prime?
False
Let l = 213 + 341. Is l/(-24)*-50 - 2/12 prime?
False
Let y(i) = 31*i - 1. Let r(o) = o - 12. Let a be r(18). Let t(v) = 32*v - 1. Let l(w) = a*y(w) - 7*t(w). Is l(-5) prime?
True
Let n = -202 + 197. Is (6206/(-8))/(n/(-2 + 22)) composite?
True
Let l be (-441)/63 + 1*2. Is (-1533)/(-2) + (-10 - l)/(-10) prime?
False
Is (1774236/(-7))/(60/(-210))*(-5)/(-10) composite?
True
Suppose 308171 = 2*r + 18*x - 17*x, -5*x = -2*r + 308141. Is r a prime number?
False
Let x = 108 - 81. Let t(q) = -q**2 - x - 2*q**3 + 45 - 4*q - 25 + 3*q**3. Is t(8) a prime number?
True
Suppose 6*q - 2656 = -2*q. Let c = 3037 - q. Is c a prime number?
False
Let m(z) = 2700*z - 201. Is m(46) a composite number?
True
Let n = 11589 - -219076. Is n a composite number?
True
Let z be (-2)/8 - (-34)/8. Suppose -j - z*j - 10 = 0, 0 = -2*m + 4*j + 594. Is m a prime number?
True
Let y be (12/16)/(4/32). Let i be (-1)/3 + y/18. Suppose i*a - 3*a + 201 = 4*s, -2*a = -5*s - 157. Is a composite?
False
Let j = -33 + 39. Suppose 3*u = 5*z + 37428, -3*z + j = -3. Suppose 0 = -14*g + 7*g + u. Is g prime?
True
Let r(a) = -a - 27. Let q = 101 - 114. Let w be r(q). Is (71 + (2 - 2))*w/(-2) a prime number?
False
Let h(t) = t**3 + t**2 - t + 485. Let x be (124/(-16))/((-4)/(-48)). Let p = x - -93. Is h(p) composite?
True
Let j(l) be the third derivative of -35*l**4/6 - 83*l**3/6 - 41*l**2. Is j(-11) a composite number?
True
Let w = 46234 + -25971. Is w a composite number?
True
Let w(g) = g**2 + 13*g + 14. Let d be w(-12). Suppose -5*m + 74416 = y - 18698, 0 = -d*y - 2. Is m a prime number?
False
Let x be 97 + (-4)/((-20)/(-25)). Suppose 95*l = x*l + 897. Let k = l + -88. Is k prime?
True
Let l(x) be the first derivative of 1051*x**2 - 3*x - 25. Is l(1) a prime number?
True
Let r(x) = x**2 + 125*x + 478241. Is r(0) prime?
True
Suppose 23*x + 37121 = 30*x. Suppose 0 = -25*r + 29*r + o - 5309, -4*r + x = -5*o. Is r prime?
True
Let z = 5246 - 2267. Let l = z + -1799. Suppose 1270 = 5*a - 2*g - 191, 4*a + 4*g - l = 0. Is a composite?
False
Let f(w) = 2*w - 21. Let g be -5 - -4 - -2 - -11. Let m be f(g). Suppose -n = -2*u + 88, 3*u + 7*n - m*n - 121 = 0. Is u prime?
True
Let m = 50 - 30. Suppose -3*t + m = t, 2*x - 2*t - 4996 = 0. Is x prime?
True
Let v(n) = -4*n**3 - 3*n**2 - n. Let f be v(-8). Suppose 0 = 42*z - 38*z - f. Suppose 2*w + 3811 = 5*a + z, 5*a - 3*w - 3345 = 0. Is a a prime number?
False
Suppose y + 3 - 2 = 0, 0 = -3*l - 2*y - 8. Let c be (-1 - 4/l)/(-1). Is 2 - (-56)/6*(5 - c) a prime number?
False
Let k = 36907 - 18102. Is k prime?
False
Let n(x) = 2316*x + 166. Let j be n(5). Let f = 19319 - j. Is f prime?
True
Let y = 24 - 19. Suppose 0*u = u + 2*p, 3*u - 1 = -y*p. Suppose -5*a - u*t + 2473 = -5*t, 517 = a + 5*t. Is a prime?
False
Let m(l) be the second derivative of -53*l**3/6 - 25*l**2 + 63*l. Is m(-23) a composite number?
True
Let u(h) = 14*h - 195. Let c be u(16). Suppose 158915 = c*f + 53442. Is f composite?
False
Let y(b) = b - 3. Let w be y(8). Suppose -w*i - u - 23389 = 0, 0*u - 3*u = 5*i + 23397. Is 1/(3*(-1)/i) a prime number?
True
Let r(k) = -174*k**3 + 18*k**2 + 112*k - 123. Is r(-16) composite?
False
Suppose -3*m + 1074257 = 4*l, 2*l + 487020 = 3*m - 587207. Is m a composite number?
False
Let t(n) = -316*n - 15. Let v(b) = 2*b - 1. Let h(q) = -t(q) - 4*v(q). Is h(3) prime?
False
Suppose p = -7, p + 2463508 = 5*m - 1443004. Is m prime?
True
Let g = -112976 - -71213. Let b = g - -67817. Suppose -13*n - n + b = 0. Is n a composite number?
False
Let u = 58 + 283. Let v = -39 - 123. Let p = u - v. Is p a prime number?
True
Let k(z) = -66*z**3 - 13*z**2 - 33*z + 101. Is k(-17) prime?
True
Suppose 3*k - 159880 = -7*k. Let f = 29187 - k. Is f a composite number?
True
Suppose -3*y = 4*m - 6557, 0*m + 3275 = 2*m + 5*y. Let l = 27 + -25. Suppose -3 = -3*w, -2*w = -l*f + m + 316. Is f a prime number?
False
Let d(x) = 22*x**2 - 2*x - 2. Let s(k) = k**3 - 6*k**2 + 6*k - 1. Let u be s(5). Suppose 0 = u*w + 5*r + 44, -w = 3*r - 0*r + 18. Is d(w) composite?
True
Is (-29)/((28/6982)/(-14)) composite?
True
Let n(i) = -81*i**3 - 25*i**2 - 37*i + 2. Let d be n(-16). Let x = -226969 + d. Is x composite?
True
Suppose -c - 302 = f - 1897, 3*f + 5*c - 4791 = 0. Is 7*f/5 - (-41)/205 a prime number?
False
Let h(i) = 5280*i + 403. Is h(3) a prime number?
False
Let u be (-7)/(7/4) + (-33)/1. Let z = u - -40. Suppose z*o = 6869 + 130. Is o prime?
True
Suppose 68*s = 50*s + 171378. Is s prime?
True
Let g = -15 - -233. Suppose -5*b - g = -l, 12*l = 9*l - b + 670. Is l a composite number?
False
Suppose y - 14 = -n + 3*y, -5*n - 3*y + 135 = 0. Is 3358/8 + n/(-32) prime?
True
Let q = 69 + -65. Suppose 5*c + 5*x = 9*c - 9228, q*c - 3*x - 9228 = 0. Is c composite?
True
Let n = -114642 - -338099. Is n composite?
True
Suppose -38*c + 67*c = 0. Suppose c = 18*y - 7*y - 66539. Is y prime?
False
Suppose 4721752 = -59*l + 3*l + 29248968. Is l a prime number?
False
Let p(q) = 84*q**2 + 3*q + 4. Let d = 108 - 89. Suppose -21*f + 18 = -d*f. Is p(f) a prime number?
False
Let c(x) = -563*x**3 + x**2 - 14*x - 25. Is c(-3) a prime number?
True
Let t = 13878 + -8069. Is t composite?
True
Suppose 23*c + 5*g - 1186810 = 18*c, 0 = -c - 5*g + 237374. Is c composite?
True
Let j be 1/4 + (-189)/(-28). Let t be (30 - j)*(-1 + 51). Suppose -1014 = -4*h + t. Is h composite?
False
Is 8/(-6) + ((-28845285)/(-63))/29 prime?
True
Suppose 4*t - 5*m - 27 = 10, 3*m + 21 = 2*t. Let x = -3 + 6. Suppose -4*z - 508 = -4*r, -z = -x*r + t*z + 377. Is r prime?
True
Let r = -212 + 215. Suppose -4*y - r*h = -8393, -y + 0*h = h - 2098. Is y composite?
False
Suppose 135261491 = -12*b + 253*b. Is b composite?
False
Suppose -2942633 - 697239 = -4*j + 4*v, 3*j = -5*v + 2729928. Is j a prime number?
True
Suppose -r = -5, -3338 = 3*a - 7*r + 6*r. Is -1*(2 + a 